{"id":276,"date":"2024-05-13T07:19:29","date_gmt":"2024-05-13T05:19:29","guid":{"rendered":"https:\/\/educate4green.eu\/?page_id=276"},"modified":"2024-05-13T07:22:11","modified_gmt":"2024-05-13T05:22:11","slug":"1st-summer-school","status":"publish","type":"page","link":"https:\/\/educate4green.eu\/?page_id=276","title":{"rendered":"1st Summer School"},"content":{"rendered":"\n<h2 class=\"wp-block-heading has-text-align-left\"><strong>TA3 event- <\/strong>Description<br><strong><em>&#8220;Test Innovative Educational Model&#8221;<\/em><\/strong><\/h2>\n\n\n\n<p class=\"has-text-align-left has-vivid-red-color has-text-color has-link-color wp-elements-767923988a330da1af55f6f22b4e8caf\"><strong>24<sup>th<\/sup> \u2013 28<sup>th<\/sup> of June 2024 Summer School for HE learners (S1, S2, S3)<\/strong><\/p>\n\n\n\n<p class=\"has-black-color has-text-color has-link-color wp-elements-4a4a93ea4229cb4e8143ed13606bfbb2\">organised and hosted by <strong>Lodz University of Technology \/ POLITECHNIKA LODZKA \/ POLAND<\/strong><\/p>\n\n\n\n<p>Location: &nbsp;<strong>Politechnika \u0141\u00f3dzka, Al. Politechniki 8, 92-403 \u0141\u00f3d\u017a, Kampus B, budynek B9, pok. 12a<\/strong><\/p>\n\n\n\n<p>\u200bThe 1st <strong>Transnational Learning, Teaching and Training Activity<\/strong> (Summer School) proposes to enable transformational change for green &amp; digital transition and bust knowledge exchange and mutual learning experiences grounded on real-life examples and innovation. The program for 5 days facilitates experience sharing between different cultures: Romanian, Italian, Polish and Bulgarian.\u00a0<br>Given the involvement of the practitioners and teachers of higher education, the thematic scope and composition, the study program for students has achieved the objective of the O2 project to support learners\u2019 readiness to knowledge of new businesses leading to more sustainable patterns, and to growth green enterprises through cross-border exchange and collaborative learning practices, strengthening knowledge co-creation and proactivity to the challenges posed by EU demands. \u00a0\u00a0<\/p>\n","protected":false},"excerpt":{"rendered":"<p>TA3 event- Description&#8220;Test Innovative Educational Model&#8221; 24th \u2013 28th of June 2024 Summer School for HE learners (S1, S2, S3) organised and hosted by Lodz University of Technology \/ POLITECHNIKA LODZKA \/ POLAND Location: &nbsp;Politechnika \u0141\u00f3dzka, Al. Politechniki 8, 92-403 \u0141\u00f3d\u017a, Kampus B, budynek B9, pok. 12a \u200bThe 1st Transnational Learning, Teaching and Training Activity [&hellip;]<\/p>\n","protected":false},"author":1,"featured_media":0,"parent":0,"menu_order":0,"comment_status":"closed","ping_status":"closed","template":"","meta":{"_genesis_hide_title":false,"_genesis_hide_breadcrumbs":false,"_genesis_hide_singular_image":false,"_genesis_hide_footer_widgets":false,"_genesis_custom_body_class":"","_genesis_custom_post_class":"","_genesis_layout":"","footnotes":""},"class_list":{"0":"post-276","1":"page","2":"type-page","3":"status-publish","5":"entry"},"featured_image_src":null,"featured_image_src_square":null,"_links":{"self":[{"href":"https:\/\/educate4green.eu\/index.php?rest_route=\/wp\/v2\/pages\/276","targetHints":{"allow":["GET"]}}],"collection":[{"href":"https:\/\/educate4green.eu\/index.php?rest_route=\/wp\/v2\/pages"}],"about":[{"href":"https:\/\/educate4green.eu\/index.php?rest_route=\/wp\/v2\/types\/page"}],"author":[{"embeddable":true,"href":"https:\/\/educate4green.eu\/index.php?rest_route=\/wp\/v2\/users\/1"}],"replies":[{"embeddable":true,"href":"https:\/\/educate4green.eu\/index.php?rest_route=%2Fwp%2Fv2%2Fcomments&post=276"}],"version-history":[{"count":2,"href":"https:\/\/educate4green.eu\/index.php?rest_route=\/wp\/v2\/pages\/276\/revisions"}],"predecessor-version":[{"id":279,"href":"https:\/\/educate4green.eu\/index.php?rest_route=\/wp\/v2\/pages\/276\/revisions\/279"}],"wp:attachment":[{"href":"https:\/\/educate4green.eu\/index.php?rest_route=%2Fwp%2Fv2%2Fmedia&parent=276"}],"curies":[{"name":"wp","href":"https:\/\/api.w.org\/{rel}","templated":true}]}}